pose -r = -6 - 10. What is the greatest common factor of v and r?
8
Let r(h) = -4*h**3 - 22*h**2 + 2*h - 24. Let f be r(-7). Suppose 7*j = 63 - 7. Calculate the greatest common divisor of j and f.
8
Let i(v) = -v**3 - 5*v**2 + 17*v + 6. Let h be i(-8). Calculate the highest common divisor of h and 2542.
62
Let t be (1/2)/(2/(576/3)). Let w be (4/14 - t/(-28))*1. Suppose -2*k + 3*y = -51, -4*k + 86 = -w*y - 20. What is the highest common divisor of 45 and k?
9
Let m = -94 + 211. Let q = 189 - m. What is the greatest common divisor of q and 8?
8
Let g(y) = y**2 - 10*y. Let x = 742 - 748. Let a be g(x). Calculate the highest common divisor of 30 and a.
6
Suppose -22*r = -5582 - 11446. What is the greatest common divisor of r and 252?
18
Let b = 22259 - 5914. What is the highest common factor of 35 and b?
35
Suppose 0 = -9*j + 48 + 168. Suppose 40*h = 39*h + j. Let z be ((-2)/(-2))/((-3)/(-9)). Calculate the highest common factor of z and h.
3
Let c(z) = z**3 - 34*z - 3. Let u be c(6). Let f be 3225/20 - (-9)/12. Calculate the greatest common divisor of f and u.
9
Let f(o) = o**3 + 3*o**2 - o - 19. Let r be f(6). Let c = r - 292. Calculate the greatest common divisor of 5 and c.
1
Let q(f) = 872*f - 3285. Let n be q(6). What is the highest common factor of n and 132?
33
Suppose 0 = -2*p - 2*p + 264. Suppose -y = -2*r - 1812, 8*y + 4530 = -5*r + 6*y. Let n = r + 939. What is the highest common divisor of p and n?
33
Let n be (5 - 3) + 1 - (-2234)/2. Suppose 15*g - 11*g = n. Calculate the greatest common factor of g and 40.
40
Let i be -1 - -1*3*-1. Let d be 193/4 - (-1)/i. Let r be 49/140 - 2/8 - (-24429)/510. Calculate the greatest common factor of d and r.
48
Suppose -2*t + t + 150 = -r, 5*t + r = 786. What is the highest common factor of 672 and t?
12
Let l be (-1009)/(-4) - ((-91)/(-28))/13. Suppose -l = -8*j + j. Calculate the highest common factor of j and 126.
18
Suppose -27*x + 1152 = -24*x + 13*x. Calculate the greatest common factor of x and 1044.
36
Suppose u + 7*v - 2 = 6*v, 0 = 5*u - v + 2. Suppose 4 = o, c - o - 101 + 25 = u. What is the greatest common divisor of 100 and c?
20
Let b = 2429 + -2384. Let s be (1/2)/(3/60). Suppose -2*n = -s - 110. What is the greatest common divisor of b and n?
15
Suppose -21 = -2*y - 3*f - 3, -2*f - 7 = -5*y. Suppose -104 = -2*h - y*n + 22, 2*n + 56 = h. What is the greatest common divisor of 48 and h?
12
Let a = -18 - -39. Let m = -100 + 94. Let k be m + 1 + 4248/18. What is the highest common factor of a and k?
21
Let q(w) be the first derivative of 11*w**2/2 + 88*w - 163. Let y be q(14). Calculate the highest common divisor of 66 and y.
22
Let q be 14421/(-276) + (-1)/(-4). Let r be (q/12 - -1)/((-3)/27). What is the highest common factor of 240 and r?
30
Let g(k) = -7*k - 95. Let s be g(-14). Suppose 3*y + 6 = 0, 2*d = 5*y + s + 29. Let u = 0 - -99. Calculate the greatest common factor of u and d.
11
Suppose 41 = 5*u + 4*t, -14 = -0*u - 2*u - 4*t. Let d be ((-9)/u)/(-2 + 162/80). Let s = 45 + d. What is the greatest common factor of 10 and s?
5
Suppose 0 = -w - n + 4*n - 9, -13 = w - 4*n. Let l = w + -2. Let p be (l - (-2 - 3)) + (-5 - -3). What is the greatest common factor of 6 and p?
2
Let r be (10/3)/(12/18). Let n be ((-15)/(-9))/r - (-14)/3. Suppose -n*u + 4*u + 108 = 0. What is the highest common divisor of 27 and u?
27
Suppose -5*u - 4*y = -22, -11 = -u + y - 3. Suppose 10*v + u = 66. Let d be ((-54)/5)/((-2)/10). Calculate the highest common factor of d and v.
6
Let h = 30332 - 30156. Let r = 71 - 5. Calculate the greatest common factor of r and h.
22
Let v(y) = -39*y**2 + 2*y + 2. Let r be v(-1). Let z = r - -45. Let g be (24/(-18))/((-1)/z). What is the highest common factor of g and 8?
8
Suppose -23*l - 930 = 27*l - 81*l. Let u(g) = -g**3 + 6*g**2 - 6*g - 4. Let d be u(6). Let m be 6/4*d/(-5). What is the highest common divisor of l and m?
6
Let o(h) = -h**2 - 9*h - 13. Let l be o(-7). Let m be l + -1 + (8 - 6). Let z be ((-14)/4*-8)/m. Calculate the highest common divisor of z and 2.
2
Let a(o) = 2*o**2 + 41*o + 16. Let r be a(-20). Let q be r/3 + -3 + (-277)/(-3). Calculate the highest common factor of q and 66.
22
Suppose 0 = 3*z - 45 + 33. Suppose z*i - 58 + 10 = 0. What is the greatest common divisor of 108 and i?
12
Let b = 11 - -37. Let i(w) = 2*w**2 - 52*w - 84. Let m be i(30). Calculate the highest common divisor of b and m.
12
Let v(a) = -15*a + 18. Let g be v(-6). Calculate the highest common factor of g and 156.
12
Let z(d) = -49*d**2 - 1. Let h be z(1). Let q be ((-407)/(-44) - 9)/(2/568). Let w = h + q. Calculate the highest common factor of 14 and w.
7
Suppose 0 = -3*m + 34 - 1. Suppose 0 = -14*f + m*f - 6. Let b be 45 - 1/(-2)*f. Calculate the highest common divisor of b and 176.
44
Let l be (-20 + (-7413)/42)/(146/76 + -2). What is the greatest common factor of l and 131?
131
Let z(u) = 2859*u + 43061. Let r be z(-15). Suppose 9*k = 4*k + 80. What is the greatest common divisor of k and r?
16
Suppose -p + 12313 = -92*a + 98*a, -2*a = -5*p - 4099. What is the highest common factor of a and 228?
228
Let k be ((-14)/(-2) - 5)/((-12)/77742*-7). Calculate the highest common divisor of 3 and k.
3
Suppose 13*c - 14741 - 19325 + 5011 = 0. What is the highest common factor of 90 and c?
15
Suppose 5*x + i - 204 - 621 = 0, x - 174 = -2*i. Suppose -2*k + x = 4*t, 0 = -2*k + 2 + 2. What is the greatest common divisor of t and 32?
8
Let q be 3/(-1)*1*344/(-24). Suppose 32 = 5*f - 2*f + 5*m, -5*f + 2*m + q = 0. Calculate the highest common divisor of 18 and f.
9
Let c be 24/(10/4 + -1). Let j = 275 - 221. Suppose n - 4 = 2*o - j, -5*n = -o + 34. What is the highest common divisor of o and c?
8
Let l = -17 + -3. Let k be (-1 - (-5)/l)*(-2 - 58). Calculate the greatest common divisor of k and 25.
25
Let z(s) = s + 16. Let q be z(-12). Suppose -q*u + 63 = 5*u. Let b(x) = -x**3 + 9*x**2 - 2*x + 14. Let a be b(u). What is the highest common factor of a and 14?
14
Suppose 0 = -124*n - 3349 + 13269. Calculate the highest common divisor of 1616 and n.
16
Let p(k) = k**3 + 33*k**2 - 46*k - 323. Let a be p(-34). Calculate the highest common factor of a and 765.
85
Suppose -5*d + 130 = m, -3*d + 130 = 2*d - 3*m. Let u = -540 - -545. Suppose -22*n - u*n + 4914 = 0. Calculate the greatest common factor of d and n.
26
Suppose -3*i + 111 = -3*h, 5*i + h - 177 = 2*h. Suppose i = 42*t - 37*t. Calculate the greatest common factor of 63 and t.
7
Let a(p) = -9*p - 86. Let i be a(-10). Suppose -3*z + 6*z = -3*v + 705, -i*z - v + 931 = 0. Calculate the highest common divisor of z and 24.
8
Suppose 45*h - 8186 = 2209. Calculate the greatest common factor of h and 84.
21
Suppose -265346 = -77*r + 747037 - 74831. Calculate the highest common factor of 16 and r.
16
Let p be ((-672)/(-4032))/(0 + 1/354). What is the greatest common divisor of 47849 and p?
59
Let j(b) = -13*b - 112. Let f be j(-9). Suppose -a = f*o - 285, -4*o + 5*o - 81 = -5*a. Calculate the greatest common factor of 56 and o.
56
Let v be 3 - 7 - 1/(-3)*-15. Let a be v/12 - (-675)/4. Calculate the greatest common factor of 224 and a.
56
Let m = -54 - -279. Let l = -452 - -652. Calculate the greatest common factor of m and l.
25
Let s be -1 + 5 + 7 + 3/3. Calculate the highest common divisor of 2046 and s.
6
Let n be -1*(7 + -2) + 7. Suppose 0 = 4*q - 3*o - 65, 0 = 14*q - 13*q + n*o - 30. Calculate the greatest common divisor of 44 and q.
4
Let o(d) be the third derivative of -d**5/60 + 13*d**4/12 - 16*d**3/3 - 75*d**2 + 1. Let r be o(20). Calculate the greatest common divisor of r and 220.
44
Suppose -5*q + 4*d = -1691, 2*d + 2*d - 989 = -3*q. Let k = q + -55. Suppose k = -9*u + 19*u. Calculate the greatest common factor of u and 4.
4
Suppose 0 = 4270*j - 4276*j + 1740. What is the greatest common divisor of 540 and j?
10
Let q(h) = h**3 - 9*h**2 + 22*h + 14. Let d be q(7). Let t = 90 - d. What is the greatest common factor of t and 15?
5
Let f = -266 + 386. Suppose f = 2*a - 28. Calculate the highest common factor of 1036 and a.
74
Let y(t) = -8*t - 7. Let d be y(-2). Suppose 21 = 2*n - d. Let x be (n/10)/(3/52). What is the highest common factor of 182 and x?
26
Suppose -10 - 6 = -4*x, 98 = i - 4*x. Suppose -4*j + a = -152, -2*a = 3*j -